{"id":75,"date":"2015-01-20T18:46:12","date_gmt":"2015-01-20T18:46:12","guid":{"rendered":"http:\/\/www.astoll.es\/?page_id=75"},"modified":"2025-07-08T21:45:22","modified_gmt":"2025-07-08T19:45:22","slug":"junta-directiva-astoll","status":"publish","type":"page","link":"https:\/\/www.astoll.es\/?page_id=75","title":{"rendered":"Junta Directiva ASTOLL"},"content":{"rendered":"<p style=\"text-align: justify;\">El lunes 28 de noviembre de 2022 tuvo lugar la <strong>Asamblea General Extraordinaria<\/strong> de <strong>ASTOLL<\/strong> con el fin de elegir una nueva<strong> Junta Directiva<\/strong>. Como resultado de dicha asamblea, la nueva <strong>Junta Directiva<\/strong> queda\u00a0 compuesta por los siguientes miembros:<\/p>\n<p style=\"text-align: left;\"><span style=\"color: #0000ff;\"><strong>Presidenta<\/strong><\/span>: <strong>Mari Toni Chac\u00f3n Valencia<\/strong>.<br \/>\n<span style=\"color: #0000ff;\"><strong>Secretario<\/strong><\/span>: <strong>Jos\u00e9 \u00c1ngel Maya S\u00e1nchez.<\/strong><br \/>\n<span style=\"color: #0000ff;\"><strong>Tesorero<\/strong><\/span>: <strong>Javier Molina L\u00f3pez<\/strong>.<br \/>\n<span style=\"color: #0000ff;\"><strong>Vocales<\/strong><\/span>: <strong>Marcelino Montero Valencia, Javier Nieto Muriel, Teodoro Manuel Valencia Meg\u00edas, Manuel Pozo Centeno, Jos\u00e9 Manuel Girol D\u00edaz, Fernando Mart\u00ednez Mena,\u00a0 M\u00aa Luisa Ceballos Pulgar\u00edn, M\u00aa Dolores Gonz\u00e1lez Mu\u00f1oz y Juan Antonio Garc\u00eda Ponce.<\/strong><\/p>\n<div id=\"attachment_4355\" style=\"width: 910px\" class=\"wp-caption aligncenter\"><a href=\"https:\/\/www.astoll.es\/wp-content\/uploads\/2025\/07\/JuntaDirectivaAstolll_Junio25.jpg\"><img loading=\"lazy\" decoding=\"async\" aria-describedby=\"caption-attachment-4355\" class=\"size-full wp-image-4355\" src=\"https:\/\/www.astoll.es\/wp-content\/uploads\/2025\/07\/JuntaDirectivaAstolll_Junio25.jpg\" alt=\"\" width=\"900\" height=\"882\" srcset=\"https:\/\/www.astoll.es\/wp-content\/uploads\/2025\/07\/JuntaDirectivaAstolll_Junio25.jpg 900w, https:\/\/www.astoll.es\/wp-content\/uploads\/2025\/07\/JuntaDirectivaAstolll_Junio25-300x294.jpg 300w, https:\/\/www.astoll.es\/wp-content\/uploads\/2025\/07\/JuntaDirectivaAstolll_Junio25-768x753.jpg 768w, https:\/\/www.astoll.es\/wp-content\/uploads\/2025\/07\/JuntaDirectivaAstolll_Junio25-65x65.jpg 65w\" sizes=\"auto, (max-width: 900px) 100vw, 900px\" \/><\/a><p id=\"caption-attachment-4355\" class=\"wp-caption-text\">CREATOR: gd-jpeg v1.0 (using IJG JPEG v62), quality = 90<\/p><\/div>\n","protected":false},"excerpt":{"rendered":"<p>El lunes 28 de noviembre de 2022 tuvo lugar la Asamblea General Extraordinaria de ASTOLL con el fin de elegir una nueva Junta Directiva. Como resultado de dicha asamblea, la nueva Junta Directiva queda\u00a0 compuesta por los siguientes miembros: Presidenta: Mari Toni Chac\u00f3n Valencia. Secretario: Jos\u00e9 \u00c1ngel Maya S\u00e1nchez. Tesorero: Javier Molina L\u00f3pez. Vocales: Marcelino [&hellip;]<\/p>\n","protected":false},"author":1,"featured_media":0,"parent":0,"menu_order":0,"comment_status":"open","ping_status":"open","template":"","meta":{"footnotes":""},"class_list":["post-75","page","type-page","status-publish","hentry","post"],"_links":{"self":[{"href":"https:\/\/www.astoll.es\/index.php?rest_route=\/wp\/v2\/pages\/75","targetHints":{"allow":["GET"]}}],"collection":[{"href":"https:\/\/www.astoll.es\/index.php?rest_route=\/wp\/v2\/pages"}],"about":[{"href":"https:\/\/www.astoll.es\/index.php?rest_route=\/wp\/v2\/types\/page"}],"author":[{"embeddable":true,"href":"https:\/\/www.astoll.es\/index.php?rest_route=\/wp\/v2\/users\/1"}],"replies":[{"embeddable":true,"href":"https:\/\/www.astoll.es\/index.php?rest_route=%2Fwp%2Fv2%2Fcomments&post=75"}],"version-history":[{"count":10,"href":"https:\/\/www.astoll.es\/index.php?rest_route=\/wp\/v2\/pages\/75\/revisions"}],"predecessor-version":[{"id":4356,"href":"https:\/\/www.astoll.es\/index.php?rest_route=\/wp\/v2\/pages\/75\/revisions\/4356"}],"wp:attachment":[{"href":"https:\/\/www.astoll.es\/index.php?rest_route=%2Fwp%2Fv2%2Fmedia&parent=75"}],"curies":[{"name":"wp","href":"https:\/\/api.w.org\/{rel}","templated":true}]}}