{"id":448,"date":"2015-04-01T18:29:47","date_gmt":"2015-04-01T18:29:47","guid":{"rendered":"http:\/\/www.astoll.es\/?page_id=448"},"modified":"2015-04-01T18:29:47","modified_gmt":"2015-04-01T18:29:47","slug":"reina-el-balcon-de-la-campina-sur","status":"publish","type":"page","link":"https:\/\/www.astoll.es\/?page_id=448","title":{"rendered":"Reina, el \u00abBalc\u00f3n de la Campi\u00f1a Sur\u00bb."},"content":{"rendered":"<p align=\"JUSTIFY\"><span style=\"color: #000000;\"><span style=\"font-family: Nimbus Roman No9 L,serif;\"><span style=\"font-size: medium;\">La <\/span><\/span><\/span><span style=\"color: #000000;\"><span style=\"font-family: Nimbus Roman No9 L,serif;\"><span style=\"font-size: medium;\"><b>Alcazaba <\/b><\/span><\/span><\/span><span style=\"color: #000000;\"><span style=\"font-family: Nimbus Roman No9 L,serif;\"><span style=\"font-size: medium;\"><b>de Reina <\/b><\/span><\/span><\/span><span style=\"color: #000000;\"><span style=\"font-family: Nimbus Roman No9 L,serif;\"><span style=\"font-size: medium;\">est\u00e1<\/span><\/span><\/span> <span style=\"color: #000000;\"><span style=\"font-family: Nimbus Roman No9 L,serif;\"><span style=\"font-size: medium;\"><b>Declarada Monumento Hist\u00f3rico Art\u00edstico<\/b><\/span><\/span><\/span><span style=\"color: #000000;\"><span style=\"font-family: Nimbus Roman No9 L,serif;\"><span style=\"font-size: medium;\"> (bajo la protecci\u00f3n de la <\/span><\/span><\/span><span style=\"color: #000000;\"><span style=\"font-family: Nimbus Roman No9 L,serif;\"><span style=\"font-size: medium;\"><span style=\"text-decoration: underline;\">Declaraci\u00f3n gen\u00e9rica del Decreto de 22 de abril de 1949, y la Ley 16\/1985 sobre el Patrimonio Hist\u00f3rico Espa\u00f1ol<\/span><\/span><\/span><\/span><span style=\"color: #000000;\"><span style=\"font-family: Nimbus Roman No9 L,serif;\"><span style=\"font-size: medium;\">)<\/span><\/span><\/span><span style=\"color: #000000;\"><span style=\"font-family: Nimbus Roman No9 L,serif;\"><span style=\"font-size: medium;\"> y ubicada a unos 825 m. de altura, que constituye el hito m\u00e1s representativo del lugar, y por el que <\/span><\/span><\/span><span style=\"color: #000000;\"><span style=\"font-family: Nimbus Roman No9 L,serif;\"><span style=\"font-size: medium;\"><b>Reina<\/b><\/span><\/span><\/span><span style=\"color: #000000;\"><span style=\"font-family: Nimbus Roman No9 L,serif;\"><span style=\"font-size: medium;\"> resulta conocida, obra de origen \u00e1rabe, fabricada con adobe y hormig\u00f3n de barro y cal.<\/span><\/span><\/span><\/p>\n<p lang=\"es-ES\" align=\"JUSTIFY\"><a href=\"http:\/\/www.astoll.es\/wp-content\/uploads\/2015\/04\/Reina_alcazaba_03.jpg\"><img loading=\"lazy\" decoding=\"async\" class=\"aligncenter size-full wp-image-451\" src=\"http:\/\/www.astoll.es\/wp-content\/uploads\/2015\/04\/Reina_alcazaba_03.jpg\" alt=\"Reina_alcazaba_03\" width=\"454\" height=\"200\" srcset=\"https:\/\/www.astoll.es\/wp-content\/uploads\/2015\/04\/Reina_alcazaba_03.jpg 454w, https:\/\/www.astoll.es\/wp-content\/uploads\/2015\/04\/Reina_alcazaba_03-300x132.jpg 300w\" sizes=\"auto, (max-width: 454px) 100vw, 454px\" \/><\/a><\/p>\n<p lang=\"es-ES\" align=\"JUSTIFY\"><span style=\"font-size: small;\"><span style=\"color: #000000;\"><span style=\"font-family: Nimbus Roman No9 L,serif;\"><span style=\"font-size: medium;\">Aunque muy maltrecha, la silueta de esta poderosa alcazaba se recorta sobre el horizonte como hito evocador de la pasada grandeza de <\/span><\/span><\/span><b><span style=\"color: #000000;\"><span style=\"font-family: Nimbus Roman No9 L,serif;\"><span style=\"font-size: medium;\">Reina<\/span><\/span><\/span><\/b><span style=\"color: #000000;\"><span style=\"font-family: Nimbus Roman No9 L,serif;\"><span style=\"font-size: medium;\">. <\/span><\/span><\/span><span style=\"color: #000000;\"><span style=\"font-family: Nimbus Roman No9 L,serif;\"><span style=\"font-size: medium;\">F<\/span><\/span><\/span><span style=\"color: #000000;\"><span style=\"font-family: Nimbus Roman No9 L,serif;\"><span style=\"font-size: medium;\">ue abandonada entre los a\u00f1os 1604 y 1738, cuando de forma paulatina se fue formando el pueblo que permanece en la actualidad.<\/span><\/span><\/span> <\/span><\/p>\n<p lang=\"es-ES\" align=\"JUSTIFY\"><a href=\"http:\/\/www.astoll.es\/wp-content\/uploads\/2015\/04\/Reina_alcazaba_01.jpg\"><img loading=\"lazy\" decoding=\"async\" class=\"aligncenter size-full wp-image-450\" src=\"http:\/\/www.astoll.es\/wp-content\/uploads\/2015\/04\/Reina_alcazaba_01.jpg\" alt=\"Reina_alcazaba_01\" width=\"450\" height=\"338\" srcset=\"https:\/\/www.astoll.es\/wp-content\/uploads\/2015\/04\/Reina_alcazaba_01.jpg 450w, https:\/\/www.astoll.es\/wp-content\/uploads\/2015\/04\/Reina_alcazaba_01-300x225.jpg 300w, https:\/\/www.astoll.es\/wp-content\/uploads\/2015\/04\/Reina_alcazaba_01-320x240.jpg 320w\" sizes=\"auto, (max-width: 450px) 100vw, 450px\" \/><\/a>\u00a0 <a href=\"http:\/\/www.astoll.es\/wp-content\/uploads\/2015\/04\/Reina_alcazaba_04.jpg\"><img loading=\"lazy\" decoding=\"async\" class=\"aligncenter size-large wp-image-452\" src=\"http:\/\/www.astoll.es\/wp-content\/uploads\/2015\/04\/Reina_alcazaba_04.jpg\" alt=\"Reina_alcazaba_04\" width=\"450\" height=\"290\" srcset=\"https:\/\/www.astoll.es\/wp-content\/uploads\/2015\/04\/Reina_alcazaba_04.jpg 450w, https:\/\/www.astoll.es\/wp-content\/uploads\/2015\/04\/Reina_alcazaba_04-300x193.jpg 300w\" sizes=\"auto, (max-width: 450px) 100vw, 450px\" \/><\/a><\/p>\n<p lang=\"es-ES\" style=\"text-align: center;\" align=\"JUSTIFY\"><span style=\"font-size: small;\"><span style=\"color: #000000;\"><span style=\"font-family: Nimbus Roman No9 L,serif;\"><span style=\"font-size: medium;\">[<\/span><\/span><\/span><strong><span style=\"color: #000000;\"><span style=\"font-family: Nimbus Roman No9 L,serif;\"><span style=\"font-size: medium;\"><span style=\"text-decoration: underline;\">Nota<\/span><\/span><\/span><\/span><\/strong><span style=\"color: #000000;\"><span style=\"font-family: Nimbus Roman No9 L,serif;\"><span style=\"font-size: medium;\">: El texto con la descripci\u00f3n que sigue a continuaci\u00f3n, son de <\/span><\/span><\/span><b><em><span style=\"color: #000000;\"><span style=\"font-family: Nimbus Roman No9 L,serif;\"><span style=\"font-size: medium;\"><i>Antonio G\u00e1lvez S\u00e1nchez<\/i><\/span><\/span><\/span><\/em><\/b><em><span style=\"color: #000000;\"><span style=\"font-family: Nimbus Roman No9 L,serif;\"><span style=\"font-size: medium;\">]<\/span><\/span><\/span><\/em><\/span><\/p>\n<p lang=\"es-ES\" align=\"JUSTIFY\"><span style=\"font-family: Nimbus Roman No9 L,serif;\"><span style=\"font-size: medium;\">Antes de continuar camino hacia <i><b>la Campi\u00f1a<\/b><\/i>, la villa de <b>Reina<\/b> nos recibe en el barrio de la \u201c<i>Pe\u00f1alta<\/i>\u201d, donde encontramos el pilar \u201c<i>de arriba<\/i>\u201d, que refrescar\u00e1 la subida a la alcazaba, situada \u00e9sta a 825 metros de altitud. A medida que ascendemos observamos el trazado de las calles de la localidad, encaramadas en las laderas del angosto valle en torno al que se ubica. La pendiente del terreno provoca un pintoresco urbanismo, en el que tejados de un lado y aceras de enfrente se encuentran a veces al mismo nivel. De ah\u00ed las \u201c<i>calz\u00e1s<\/i>\u201d que recorren todo el pueblo, para salvar el desnivel y facilitar la construcci\u00f3n de las viviendas. <\/span><\/span><\/p>\n<p lang=\"es-ES\" align=\"JUSTIFY\"><a href=\"http:\/\/www.astoll.es\/wp-content\/uploads\/2015\/04\/Reina.jpg\"><img loading=\"lazy\" decoding=\"async\" class=\"aligncenter size-full wp-image-424\" src=\"http:\/\/www.astoll.es\/wp-content\/uploads\/2015\/04\/Reina.jpg\" alt=\"Reina\" width=\"600\" height=\"164\" srcset=\"https:\/\/www.astoll.es\/wp-content\/uploads\/2015\/04\/Reina.jpg 600w, https:\/\/www.astoll.es\/wp-content\/uploads\/2015\/04\/Reina-300x82.jpg 300w\" sizes=\"auto, (max-width: 600px) 100vw, 600px\" \/><\/a><\/p>\n<p lang=\"es-ES\" align=\"JUSTIFY\"><span style=\"font-family: Nimbus Roman No9 L,serif;\"><span style=\"font-size: medium;\">Se origin\u00f3 la villa en el barrio bajo, en torno a la <i><b>iglesia mud\u00e9jar de San Sebasti\u00e1n<\/b><\/i>, primero ermita y posterior parroquia cuando la poblaci\u00f3n abandon\u00f3 la alcazaba.<\/span><\/span><\/p>\n<p lang=\"es-ES\" align=\"JUSTIFY\"><span style=\"font-family: Nimbus Roman No9 L,serif;\"><span style=\"font-size: medium;\">La <b>alcazaba<\/b> se ubica en el llamado <i>Cerro del Castillo<\/i>. Aunque los restos de la misma son de \u00e9poca medieval, la privilegiada posici\u00f3n en el entorno ha favorecido la ocupaci\u00f3n humana desde la antig\u00fcedad. El constante reaprovechamiento de materiales constructivos es visible en las edificaciones que la conforman: restos cer\u00e1micos, sillares de \u00e9poca romana, o las magn\u00edficas columnas de la etapa visigoda. Todav\u00eda podemos recorrer todo el per\u00edmetro de las impresionantes murallas almohades de tapial, que unen las quince torres rectangulares, dos de ellas albarranas, que protegieron el antiguo acceso a la fortaleza. En el interior, dos aljibes de curiosa factura, pasan casi desapercibidos al visitante. Recientemente ha sido recuperado el espacio de ocupaci\u00f3n m\u00e1s tard\u00eda, que corresponde a las dependencias del maestre de la <i><b>Orden de Santiago<\/b><\/i>. Tras la conquista cristiana definitiva por <b>Fernando III<\/b> en 1246, la plaza fue donada junto con un amplio territorio a la mencionada Orden, que se ocup\u00f3 de su gesti\u00f3n teniendo <b>Reina<\/b> como centro neur\u00e1lgico. De las modificaciones que sobre la alcazaba \u00e1rabe se hicieron, hoy observamos los restos de una bodega, el antiguo acceso al recinto, el empedrado del suelo en perfecto estado de conservaci\u00f3n o un aljibes de esta \u00e9poca.<\/span><\/span><\/p>\n<p lang=\"es-ES\" align=\"JUSTIFY\"><a href=\"http:\/\/www.astoll.es\/wp-content\/uploads\/2015\/04\/Reina_alcazaba_06.jpg\"><img loading=\"lazy\" decoding=\"async\" class=\"aligncenter  wp-image-425\" src=\"http:\/\/www.astoll.es\/wp-content\/uploads\/2015\/04\/Reina_alcazaba_06.jpg\" alt=\"Reina_alcazaba_06\" width=\"711\" height=\"249\" srcset=\"https:\/\/www.astoll.es\/wp-content\/uploads\/2015\/04\/Reina_alcazaba_06.jpg 800w, https:\/\/www.astoll.es\/wp-content\/uploads\/2015\/04\/Reina_alcazaba_06-300x105.jpg 300w\" sizes=\"auto, (max-width: 711px) 100vw, 711px\" \/><\/a><\/p>\n<p lang=\"es-ES\" align=\"JUSTIFY\"><a href=\"http:\/\/www.astoll.es\/wp-content\/uploads\/2015\/04\/Reina_alcazaba_08.jpg\"><img loading=\"lazy\" decoding=\"async\" class=\"aligncenter  wp-image-426\" src=\"http:\/\/www.astoll.es\/wp-content\/uploads\/2015\/04\/Reina_alcazaba_08.jpg\" alt=\"Reina_alcazaba_08\" width=\"717\" height=\"191\" srcset=\"https:\/\/www.astoll.es\/wp-content\/uploads\/2015\/04\/Reina_alcazaba_08.jpg 750w, https:\/\/www.astoll.es\/wp-content\/uploads\/2015\/04\/Reina_alcazaba_08-300x80.jpg 300w\" sizes=\"auto, (max-width: 717px) 100vw, 717px\" \/><\/a><\/p>\n<p lang=\"es-ES\" align=\"JUSTIFY\"><span style=\"font-family: Nimbus Roman No9 L,serif;\"><span style=\"font-size: medium;\">El edificio m\u00e1s significativo es la ermita dedicada a <b>Ntra. Sra. de las Nieves,<\/b> patrona de <b>Reina<\/b>. Dicha ermita fue construida a finales del siglo XV, conservando la b\u00f3veda de crucer\u00eda de la cabecera, aunque reaprovecha restos de \u00e9poca visigoda, como los capiteles y columnas del coro y del atrio. Llamativas son las pinturas murales que flanquean la entrada, de factura posterior a la misma. Muestran varios barcos, personajes y vegetaci\u00f3n que a d\u00eda de hoy no han sido interpretados por su dif\u00edcil iconograf\u00eda. <\/span><\/span><\/p>\n<p lang=\"es-ES\" align=\"JUSTIFY\"><a href=\"http:\/\/www.astoll.es\/wp-content\/uploads\/2015\/04\/Reina_ermita_01.jpg\"><img loading=\"lazy\" decoding=\"async\" class=\"aligncenter size-full wp-image-453\" src=\"http:\/\/www.astoll.es\/wp-content\/uploads\/2015\/04\/Reina_ermita_01.jpg\" alt=\"Reina_ermita_01\" width=\"450\" height=\"221\" srcset=\"https:\/\/www.astoll.es\/wp-content\/uploads\/2015\/04\/Reina_ermita_01.jpg 450w, https:\/\/www.astoll.es\/wp-content\/uploads\/2015\/04\/Reina_ermita_01-300x147.jpg 300w\" sizes=\"auto, (max-width: 450px) 100vw, 450px\" \/><\/a><\/p>\n<p lang=\"es-ES\" align=\"JUSTIFY\"><span style=\"font-family: Nimbus Roman No9 L,serif;\"><span style=\"font-size: medium;\">La <b>alcazaba<\/b> recibe visitas todo el a\u00f1o, aunque el pueblo de <b>Reina<\/b> celebra en el entorno de la ermita, el segundo s\u00e1bado de mayo y la noche del 4 de agosto las fiestas en honor a la patrona. En este mes tambi\u00e9n podemos asistir al <i><b>Festival de la Luna Llena de Agosto<\/b><\/i>, que reivindica el rico patrimonio cultural de <b>Reina<\/b> y <i><b>la Campi\u00f1a<\/b><\/i> a trav\u00e9s de la m\u00fasica medieval y unos espectaculares fuegos artificiales con la luna llena asomando detr\u00e1s de la ermita.<\/span><\/span><\/p>\n<p align=\"JUSTIFY\"><span style=\"color: #000000;\"><span style=\"font-family: Nimbus Roman No9 L,serif;\"><span style=\"font-size: medium;\">Antes de comenzar el descenso, tenemos que aprovechar para disfrutar de las inmejorables vistas que nos ofrece el <\/span><\/span><\/span><span style=\"color: #000000;\"><span style=\"font-family: Nimbus Roman No9 L,serif;\"><span style=\"font-size: medium;\">Cerro del Castillo<\/span><\/span><\/span><span style=\"color: #000000;\"><span style=\"font-family: Nimbus Roman No9 L,serif;\"><span style=\"font-size: medium;\">. Son numerosas las poblaciones que desde aqu\u00ed se observan, de norte a sur, <\/span><\/span><\/span><span style=\"color: #000000;\"><span style=\"font-family: Nimbus Roman No9 L,serif;\"><span style=\"font-size: medium;\"><b>Hornachos, Valencia de las Torres, Higuera de Llerena, Maguilla, la sierra de los Argallanes<\/b><\/span><\/span><\/span><span style=\"color: #000000;\"><span style=\"font-family: Nimbus Roman No9 L,serif;\"><span style=\"font-size: medium;\">, que linda ya con <\/span><\/span><\/span><span style=\"color: #000000;\"><span style=\"font-family: Nimbus Roman No9 L,serif;\"><span style=\"font-size: medium;\"><b>C\u00f3rdoba<\/b><\/span><\/span><\/span><span style=\"color: #000000;\"><span style=\"font-family: Nimbus Roman No9 L,serif;\"><span style=\"font-size: medium;\">, y m\u00e1s all\u00e1 d<\/span><\/span><\/span><span style=\"color: #000000;\"><span style=\"font-family: Nimbus Roman No9 L,serif;\"><span style=\"font-size: medium;\"><b>e Azua<\/b><\/span><\/span><\/span><span style=\"color: #000000;\"><span style=\"font-family: Nimbus Roman No9 L,serif;\"><span style=\"font-size: medium;\">ga y <\/span><\/span><\/span><span style=\"color: #000000;\"><span style=\"font-family: Nimbus Roman No9 L,serif;\"><span style=\"font-size: medium;\"><b>Granja de Torrehermosa<\/b><\/span><\/span><\/span><span style=\"color: #000000;\"><span style=\"font-family: Nimbus Roman No9 L,serif;\"><span style=\"font-size: medium;\">, las sierras de <\/span><\/span><\/span><span style=\"color: #000000;\"><span style=\"font-family: Nimbus Roman No9 L,serif;\"><span style=\"font-size: medium;\"><b>Fuente Obejuna<\/b><\/span><\/span><\/span><span style=\"color: #000000;\"><span style=\"font-family: Nimbus Roman No9 L,serif;\"><span style=\"font-size: medium;\">. M\u00e1s cerca <\/span><\/span><\/span><span style=\"color: #000000;\"><span style=\"font-family: Nimbus Roman No9 L,serif;\"><span style=\"font-size: medium;\"><b>Ahillones, Berlanga, Valverde de Llerena<\/b><\/span><\/span><\/span><span style=\"color: #000000;\"><span style=\"font-family: Nimbus Roman No9 L,serif;\"><span style=\"font-size: medium;\"> y las estribaciones de <\/span><\/span><\/span><span style=\"color: #000000;\"><span style=\"font-family: Nimbus Roman No9 L,serif;\"><span style=\"font-size: medium;\"><b>Sierra Morena<\/b><\/span><\/span><\/span><span style=\"color: #000000;\"><span style=\"font-family: Nimbus Roman No9 L,serif;\"><span style=\"font-size: medium;\">, donde se encuentra ubicado <\/span><\/span><\/span><span style=\"color: #000000;\"><span style=\"font-family: Nimbus Roman No9 L,serif;\"><span style=\"font-size: medium;\"><b>Fuente del Arco<\/b><\/span><\/span><\/span><span style=\"color: #000000;\"><span style=\"font-family: Nimbus Roman No9 L,serif;\"><span style=\"font-size: medium;\">, la <\/span><\/span><\/span><span style=\"color: #000000;\"><span style=\"font-family: Nimbus Roman No9 L,serif;\"><span style=\"font-size: medium;\"><b>sierra de Guadalcanal y la Jayona<\/b><\/span><\/span><\/span><span style=\"color: #000000;\"><span style=\"font-family: Nimbus Roman No9 L,serif;\"><span style=\"font-size: medium;\">. Al fondo <\/span><\/span><\/span><span style=\"color: #000000;\"><span style=\"font-family: Nimbus Roman No9 L,serif;\"><span style=\"font-size: medium;\"><b>Tentud\u00eda<\/b><\/span><\/span><\/span><span style=\"color: #000000;\"><span style=\"font-family: Nimbus Roman No9 L,serif;\"><span style=\"font-size: medium;\">, <\/span><\/span><\/span><span style=\"color: #000000;\"><span style=\"font-family: Nimbus Roman No9 L,serif;\"><span style=\"font-size: medium;\"><b>Montemol\u00edn<\/b><\/span><\/span><\/span><span style=\"color: #000000;\"><span style=\"font-family: Nimbus Roman No9 L,serif;\"><span style=\"font-size: medium;\">, y m\u00e1s cercanas las de <\/span><\/span><\/span><span style=\"color: #000000;\"><span style=\"font-family: Nimbus Roman No9 L,serif;\"><span style=\"font-size: medium;\"><b>San Bernardo y San Miguel<\/b><\/span><\/span><\/span><span style=\"color: #000000;\"><span style=\"font-family: Nimbus Roman No9 L,serif;\"><span style=\"font-size: medium;\">, entre <\/span><\/span><\/span><span style=\"color: #000000;\"><span style=\"font-family: Nimbus Roman No9 L,serif;\"><span style=\"font-size: medium;\"><b>Trasierra<\/b><\/span><\/span><\/span><span style=\"color: #000000;\"><span style=\"font-family: Nimbus Roman No9 L,serif;\"><span style=\"font-size: medium;\"> y <\/span><\/span><\/span><span style=\"color: #000000;\"><span style=\"font-family: Nimbus Roman No9 L,serif;\"><span style=\"font-size: medium;\"><b>Llerena<\/b><\/span><\/span><\/span><span style=\"color: #000000;\"><span style=\"font-family: Nimbus Roman No9 L,serif;\"><span style=\"font-size: medium;\">. Una panor\u00e1mica que ofrece paisajes de llano y dehesa, de olivares y cultivos, en esencia, flora y fauna del paisaje mediterr\u00e1neo.<\/span><\/span><\/span><\/p>\n<p align=\"JUSTIFY\"><a href=\"http:\/\/www.astoll.es\/wp-content\/uploads\/2015\/04\/Reina_3.jpg\"><img loading=\"lazy\" decoding=\"async\" class=\"aligncenter size-full wp-image-428\" src=\"http:\/\/www.astoll.es\/wp-content\/uploads\/2015\/04\/Reina_3.jpg\" alt=\"Reina_3\" width=\"706\" height=\"200\" srcset=\"https:\/\/www.astoll.es\/wp-content\/uploads\/2015\/04\/Reina_3.jpg 706w, https:\/\/www.astoll.es\/wp-content\/uploads\/2015\/04\/Reina_3-300x85.jpg 300w\" sizes=\"auto, (max-width: 706px) 100vw, 706px\" \/><\/a><\/p>\n<p align=\"JUSTIFY\"><a href=\"http:\/\/www.astoll.es\/wp-content\/uploads\/2015\/04\/Reina_alcazaba_02.jpg\"><img loading=\"lazy\" decoding=\"async\" class=\"aligncenter  wp-image-429\" src=\"http:\/\/www.astoll.es\/wp-content\/uploads\/2015\/04\/Reina_alcazaba_02.jpg\" alt=\"Reina_alcazaba_02\" width=\"732\" height=\"108\" srcset=\"https:\/\/www.astoll.es\/wp-content\/uploads\/2015\/04\/Reina_alcazaba_02.jpg 800w, https:\/\/www.astoll.es\/wp-content\/uploads\/2015\/04\/Reina_alcazaba_02-300x44.jpg 300w\" sizes=\"auto, (max-width: 732px) 100vw, 732px\" \/><\/a><\/p>\n","protected":false},"excerpt":{"rendered":"<p>La Alcazaba de Reina est\u00e1 Declarada Monumento Hist\u00f3rico Art\u00edstico (bajo la protecci\u00f3n de la Declaraci\u00f3n gen\u00e9rica del Decreto de 22 de abril de 1949, y la Ley 16\/1985 sobre el Patrimonio Hist\u00f3rico Espa\u00f1ol) y ubicada a unos 825 m. de altura, que constituye el hito m\u00e1s representativo del lugar, y por el que Reina resulta [&hellip;]<\/p>\n","protected":false},"author":1,"featured_media":0,"parent":0,"menu_order":0,"comment_status":"open","ping_status":"open","template":"","meta":{"footnotes":""},"class_list":["post-448","page","type-page","status-publish","hentry","post"],"_links":{"self":[{"href":"https:\/\/www.astoll.es\/index.php?rest_route=\/wp\/v2\/pages\/448","targetHints":{"allow":["GET"]}}],"collection":[{"href":"https:\/\/www.astoll.es\/index.php?rest_route=\/wp\/v2\/pages"}],"about":[{"href":"https:\/\/www.astoll.es\/index.php?rest_route=\/wp\/v2\/types\/page"}],"author":[{"embeddable":true,"href":"https:\/\/www.astoll.es\/index.php?rest_route=\/wp\/v2\/users\/1"}],"replies":[{"embeddable":true,"href":"https:\/\/www.astoll.es\/index.php?rest_route=%2Fwp%2Fv2%2Fcomments&post=448"}],"version-history":[{"count":2,"href":"https:\/\/www.astoll.es\/index.php?rest_route=\/wp\/v2\/pages\/448\/revisions"}],"predecessor-version":[{"id":454,"href":"https:\/\/www.astoll.es\/index.php?rest_route=\/wp\/v2\/pages\/448\/revisions\/454"}],"wp:attachment":[{"href":"https:\/\/www.astoll.es\/index.php?rest_route=%2Fwp%2Fv2%2Fmedia&parent=448"}],"curies":[{"name":"wp","href":"https:\/\/api.w.org\/{rel}","templated":true}]}}