{"id":11,"date":"2015-01-18T00:21:13","date_gmt":"2015-01-18T00:21:13","guid":{"rendered":"http:\/\/www.astoll.es\/?page_id=11"},"modified":"2026-01-01T20:41:39","modified_gmt":"2026-01-01T19:41:39","slug":"asociate","status":"publish","type":"page","link":"https:\/\/www.astoll.es\/?page_id=11","title":{"rendered":"As\u00f3ciate"},"content":{"rendered":"<div dir=\"ltr\">\n<div style=\"text-align: justify;\">Para caminar con nosotros <strong>NO es necesario asociarse a ASTOLL<\/strong>&#8230; siempre recomendamos a quien se inicia en esta afici\u00f3n que haga varias rutas con nosotros antes de hacerse socio.<\/div>\n<div><\/div>\n<div style=\"text-align: justify;\">Pod\u00e9is poneros en\u00a0 <span style=\"color: #ff0000;\"><strong>CONTACTO<\/strong><\/span> con la asociaci\u00f3n mediante correo electr\u00f3nico en las siguientes direcciones: <span style=\"color: #0000ff;\"><em><strong>astoll@astoll.es<\/strong><\/em><\/span>\u00a0 o <span style=\"color: #0000ff;\"><em><strong>secretario@astoll.es<\/strong><\/em><\/span><\/div>\n<div style=\"text-align: justify;\">\n<h3 style=\"text-align: justify;\"><span style=\"color: #000080;\"><u>Cuotas ASTOLL<\/u>:<\/span><\/h3>\n<ul style=\"text-align: justify;\">\n<li><strong><span style=\"color: #0000ff;\">ADULTOS &#8211; NUEVOS SOCIOS<\/span>: Cuota de inscripci\u00f3n de 40 \u20ac<\/strong>, que se abonar\u00e1 una \u00fanica vez al hacerse socio en la cuenta de ASTOLL de la <strong><span style=\"color: #000000;\">Banca Pueyo<\/span>: <span style=\"color: #ff0000;\">ES68 0078 0108 6440 1000 6165<\/span><\/strong><\/li>\n<li><span style=\"color: #0000ff;\"><strong>ADULTOS &#8211; SOCIOS<\/strong><\/span>: <strong>Cuota peri\u00f3dica<\/strong> <strong>anual<\/strong> de <strong>24 \u20ac.<\/strong><\/li>\n<li><span style=\"color: #ff0000;\"><strong>INFANTIL &#8211; NUEVOS SOCIOS<\/strong><\/span>: <strong>Cuota de inscripci\u00f3n gratis<\/strong> al hacerse socio.<\/li>\n<li><span style=\"color: #ff0000;\"><strong>INFANTIL &#8211; SOCIOS<\/strong><\/span>: <strong>Cuota peri\u00f3dica<\/strong> <strong>anual<\/strong> de<strong> 12 \u20ac.<\/strong><\/li>\n<\/ul>\n<h3 style=\"text-align: justify;\"><span style=\"color: #000080;\"><u>C\u00f3mo asociarte<\/u>:<\/span><\/h3>\n<div style=\"text-align: justify;\">\n<p style=\"padding-left: 30px;\"><span style=\"color: #003300;\"><strong>\u00a1\u00a1<u>NOTA IMPORTANTE<\/u>!!<\/strong>:<\/span> <strong><em>A partir del 1 de Enero del 2017,<\/em><\/strong> se producen algunas modificiaciones a la hora de realizar el <strong>ALTA DE NUEVOS SOCIOS<\/strong> en nuestra asociaci\u00f3n, ya que seg\u00fan lo aprobado en la Asamblea General celebrada el 15 Diciembre del 2016,<span style=\"color: #ff0000;\"><strong> <u>SE ESTABLECER\u00c1 UN PER\u00cdODO \u00daNICO PARA PODER SOLICITAR EL ALTA COMO SOCIO<\/u><\/strong><\/span> en ASTOLL, <em><strong>este per\u00edodo quedar\u00e1 establecido entre el 1 de Enero y el 31 de Marzo de cada a\u00f1o<\/strong><\/em>, salvo determinadas excepciones que deber\u00edan hacerse llegar a la Junta Directiva para su estudio y posterior aprobaci\u00f3n, en caso de que \u00e9sta lo estimara oportuno en funci\u00f3n de las razones que se expongan (hasta ahora el alta como socio se pod\u00eda solicitar en cualquier momento).<\/p>\n<ul>\n<li><strong>Opci\u00f3n 1 (recomendable)<\/strong>: Rellenando el <a href=\"https:\/\/forms.gle\/d7HpUKpzmxW4cdLz8\" target=\"_blank\" rel=\"noopener\"><strong>Formulario de Alta de Socio ON-LINE<\/strong><\/a>. Una vez rellenado y enviado el formulario, en pocos minutos se recibir\u00e1 en la direcci\u00f3n de correo electr\u00f3nico que se haya indiciado, un email con un fichero adjunto, en formato PDF, el cual contendr\u00e1 <strong><em>DOS p\u00e1ginas<\/em><\/strong>: una con los datos cumplimentados en el formulario y otra para el consentimiento del socio en relaci\u00f3n al uso y protecci\u00f3n de los datos personales por parte de <strong>ASTOLL<\/strong>. <span style=\"color: #ff0000;\"><strong><u>AMBAS P\u00c1GINAS DEBEN SER FIRMADAS<\/u><\/strong><\/span> y enviadas a la siguiente direcci\u00f3n de correo electr\u00f3nico: <em><span style=\"color: #0000ff;\"><strong>secretario@astoll.es\u00a0<\/strong><\/span><\/em><\/li>\n<\/ul>\n<\/div>\n<ul>\n<li><strong><strong>Opci\u00f3n 2: <\/strong><\/strong>Desc\u00e1rgate el fichero de texto con el <a href=\"http:\/\/www.astoll.es\/Documentos\/Proteccion_de_Datos\/alta_socio.doc\" target=\"_blank\" rel=\"noopener\"><b>FORMULARIO de alta<\/b><\/a>, cumplimentando debidamente todos sus datos y <u>teniendo en cuenta que la <\/u><u><b>FIRMA<\/b><\/u><u> de dicho documento lleva<\/u><u>r\u00e1<\/u><u> impl\u00edcita la lectura y aceptaci\u00f3n del documento<\/u>: \u201c<b><a href=\"http:\/\/www.astoll.es\/Documentos\/Proteccion_de_Datos\/Consentimiento_Expreso_Socio_ASTOLL.pdf\" target=\"_blank\" rel=\"noopener\">El Consentimientoo Expreso del Socio<\/a>\u201d<\/b> (<span style=\"font-family: Arial, sans-serif;\"><span style=\"font-size: small;\"><i>c<\/i><\/span><\/span><span style=\"font-family: Arial, sans-serif;\"><span style=\"font-size: small;\"><i>on el fin de cumplir on el<\/i><\/span><\/span><span style=\"font-family: Arial, sans-serif;\"><span style=\"font-size: small;\"><i> Reglamento (UE) 2016\/679 del Parlamento Europeo y del Consejo, de 27 de abril de 2016, relativo a la protecci\u00f3n de las personas f\u00edsicas en lo que respecta al tratamiento de datos personales y a la libre circulaci\u00f3n de estos datos, y siguiendo las Recomendaciones e Instrucciones emitidas por la Agencia Espa\u00f1ola de Protecci\u00f3n de Datos<\/i><\/span><\/span>). Una vez hecho esto puedes enviar el documento con el <b>formulario de alta firmado<\/b>, bien a la direcci\u00f3n de email: <span style=\"color: #0000cc;\"><i><b>secretario@astoll.es<\/b><\/i><\/span>, o por correo postal (<em><strong>C\/ Caleros, N\u00ba 24, 06900 \u2013 Llerena<\/strong><\/em>) o en mano (a cualquier miembro de la Junta directiva).<\/li>\n<\/ul>\n<ul>\n<li><strong>Opci\u00f3n 3<\/strong>: Facilitando todos los datos solicitados en el formulario: v\u00eda telef\u00f3nica o whatsapp, al <i><b>Secretario de ASTOLL<\/b><\/i>, y su entrega posterior (mismo procedimiento que en la <i><b>Opci\u00f3n 2<\/b><\/i>) del fichero de texto con el <a href=\"http:\/\/www.astoll.es\/Documentos\/Proteccion_de_Datos\/alta_socio.doc\" target=\"_blank\" rel=\"noopener\"><b>FORMULARIO de alta<\/b><\/a>, cumplimentando debidamente todos sus datos y <u>teniendo en cuenta que la <\/u><u><b>FIRMA<\/b><\/u><u> de dicho documento lleva<\/u><u>r\u00e1<\/u><u> impl\u00edcita la lectura y aceptaci\u00f3n del documento<\/u>: \u201c<b><a href=\"http:\/\/www.astoll.es\/Documentos\/Proteccion_de_Datos\/Consentimiento_Expreso_Socio_ASTOLL.pdf\" target=\"_blank\" rel=\"noopener\">El Consentimiento Expreso del Socio<\/a>\u201d.<\/b><\/li>\n<\/ul>\n<\/div>\n<\/div>\n","protected":false},"excerpt":{"rendered":"<p>Para caminar con nosotros NO es necesario asociarse a ASTOLL&#8230; siempre recomendamos a quien se inicia en esta afici\u00f3n que haga varias rutas con nosotros antes de hacerse socio. Pod\u00e9is poneros en\u00a0 CONTACTO con la asociaci\u00f3n mediante correo electr\u00f3nico en las siguientes direcciones: astoll@astoll.es\u00a0 o secretario@astoll.es Cuotas ASTOLL: ADULTOS &#8211; NUEVOS SOCIOS: Cuota de inscripci\u00f3n [&hellip;]<\/p>\n","protected":false},"author":1,"featured_media":0,"parent":0,"menu_order":0,"comment_status":"open","ping_status":"open","template":"","meta":{"footnotes":""},"class_list":["post-11","page","type-page","status-publish","hentry","post"],"_links":{"self":[{"href":"https:\/\/www.astoll.es\/index.php?rest_route=\/wp\/v2\/pages\/11","targetHints":{"allow":["GET"]}}],"collection":[{"href":"https:\/\/www.astoll.es\/index.php?rest_route=\/wp\/v2\/pages"}],"about":[{"href":"https:\/\/www.astoll.es\/index.php?rest_route=\/wp\/v2\/types\/page"}],"author":[{"embeddable":true,"href":"https:\/\/www.astoll.es\/index.php?rest_route=\/wp\/v2\/users\/1"}],"replies":[{"embeddable":true,"href":"https:\/\/www.astoll.es\/index.php?rest_route=%2Fwp%2Fv2%2Fcomments&post=11"}],"version-history":[{"count":34,"href":"https:\/\/www.astoll.es\/index.php?rest_route=\/wp\/v2\/pages\/11\/revisions"}],"predecessor-version":[{"id":4503,"href":"https:\/\/www.astoll.es\/index.php?rest_route=\/wp\/v2\/pages\/11\/revisions\/4503"}],"wp:attachment":[{"href":"https:\/\/www.astoll.es\/index.php?rest_route=%2Fwp%2Fv2%2Fmedia&parent=11"}],"curies":[{"name":"wp","href":"https:\/\/api.w.org\/{rel}","templated":true}]}}